e 2*v = -u - 14, -u - 4*v - j = 2*u. Let b(d) = -3*d - 1. Give b(u).
11
Let f = 496 + -498. Let m(r) = -r**2 + 2*r + 2. Determine m(f).
-6
Let p be (-28)/(-21)*6/4. Let k(j) = -p*j + 0*j**2 + j**2 + 0 - 1 + 2. Give k(-2).
9
Let c = 137 + -69. Let t be (-6)/(-27) + c/18 + 1. Let w(l) = l**3 - 5*l**2 - l + 5. Calculate w(t).
0
Let z(x) be the second derivative of -x**7/840 - x**6/720 + x**5/60 - 2*x**4/3 + 2*x. Let m(o) be the third derivative of z(o). Determine m(-2).
-8
Let u be (-45)/(-5) + 6/2. Suppose 4*j - u = z, -5*j = -4*z - 0*z - 26. Suppose j*a + a = -3. Let k(b) = -12*b - 1. What is k(a)?
11
Let r(k) = -1. Let p(f) = -2*f + 10. Let z(i) = -p(i) - 8*r(i). Let l be z(-3). Let x(m) = m**3 + 7*m**2 - 10*m - 10. Calculate x(l).
6
Let y(q) = q**3 + 4*q**2 - q - 1. Let m be 138/(-33) - (-10)/55. What is y(m)?
3
Let y be -2*(1 - 4/2). Suppose -t + y*t = 2. Let a(h) = 2*h - 1. Let n(p) = 2*p**2 - 5*p + 1. Let l(v) = 2*a(v) + n(v). Give l(t).
5
Let p(f) = f - 1. Suppose 0 = 2*y - 0*y - 30. Suppose -4*x + 5*d = 3 + 4, -5*d + y = 0. What is p(x)?
1
Let z(l) = -2*l**2 - 8*l**2 - 4*l + 4*l**2 + l**2 + l**3 + 5 - 2*l. Suppose 0 = -4*p + 5*w + 4, 2*p + w - 24 = -2*w. Give z(p).
5
Let t(k) = -2*k**3 - k**2. Let y(c) = 2*c**3 - 2. Let d be y(0). What is t(d)?
12
Let c(x) = 1 + x**2 - 5*x**3 + 6*x - 4*x - 3*x**3. Let t be ((-1)/(49/14))/((-2)/(-7)). Give c(t).
8
Let b(w) = w + 12. Let r(a) = 3*a - 17. Let l be r(0). Give b(l).
-5
Let r(k) = 5*k - 1. Let j(l) = -19*l + 5. Let b(u) = -2*j(u) - 7*r(u). Suppose -4*v = -v - 9. Determine b(v).
6
Let r(c) = c - 2. Let i(g) = g - 1. Let z(o) = -7*i(o) + 5*r(o). Let w = -297 + 294. Calculate z(w).
3
Let s(y) be the second derivative of y**4/12 - y**3/6 - y**2/2 + 2*y. Let d = 8 - 2. Suppose d = -v + 9. What is s(v)?
5
Let u(l) = l**2 + 19*l - 18. Let m(v) = -4*v**2 - 5*v - 14. Let j be m(-2). Give u(j).
2
Suppose 20 = 4*o - 4*i, 3*o - i + 6*i = -17. Suppose 6 = l + o. Let h(j) = j - 1. Give h(l).
4
Let d(l) be the third derivative of -7*l**6/120 + l**5/20 - l**4/12 + 565*l**2 - l. What is d(1)?
-6
Let a(u) = u**2 - 4*u + 2. Let s(z) = z**2 + 10*z + 8. Let w be s(-8). Let x = w + 8. Suppose 3*b = -b, x = -5*n - b + 25. Determine a(n).
7
Let t(l) = -4*l**2 - 5*l - 3. Let k be (10/(-25))/((13/(-10))/(-13)). Calculate t(k).
-47
Let x be 7/2 + (-3)/(-6). Let z(j) = j**3 - 7*j**2 + j - 4. Let p(n) = n**3 - 6*n**2 + n - 3. Let r(w) = x*z(w) - 5*p(w). Let d = -312 + 315. Give r(d).
-13
Let d(m) = 7*m**2 - 13*m + 6. Let n(s) = -5*s**2 + 10*s - 3. Let v(a) = 2*d(a) + 3*n(a). Give v(-2).
-9
Let k(x) = 59 + 46*x - 27*x - 21*x + 27*x - 29*x. Determine k(16).
-5
Suppose -3*b = -2*f - 10 + 3, f + 2 = 0. Suppose k + b = 2*k. Let w(y) = -3*y. Let r be w(k). Let x(s) = -s**2 - s - 2. Calculate x(r).
-8
Let q = -2 + 22. Suppose -5*o = 4*i - q, -5*o - 2*i = -0*i - 10. Let h(z) = -z + 1. Let r(x) = 3*x - 6. Let c(t) = -4*h(t) - r(t). Calculate c(o).
2
Let q(s) = 3*s**3 + 2*s**2 - 2*s + 1. Suppose g + 4*g + 5 = 5*p, 3*p + 5*g - 43 = 0. Let l be -3*((-32)/p + 5). Determine q(l).
4
Let l(f) = f**3 - 7*f**2 + 4*f - 2. Let d be (-3)/(6/(-8)) - -8. Let v = d - 3. Let x = 15 - v. Calculate l(x).
-14
Suppose -22*m + 5 = -83. Let z(x) be the second derivative of -4*x + 3/2*x**2 + 1/6*x**m + 0 + 1/2*x**3. Give z(-2).
5
Let r(l) = l + 11. Let f be r(-6). Suppose 0 = f*p + 5*k - 30, -6*k = -p - 2*k + 1. Let h(g) = -2*g + 10 + g - 2*g + 2*g. Calculate h(p).
5
Let c(y) = -7*y**3 - 8*y**2 - y. Suppose 8 + 7 = 3*v. Let x(i) = -3*i**3 - 4*i**2 - i. Let l(b) = v*x(b) - 2*c(b). Let m = -13 - -11. Calculate l(m).
-2
Let d(c) = c**2 - 3*c + 3. Let m = -110 - -114. Determine d(m).
7
Let a(g) be the second derivative of g**5/20 + g**4/12 - 2*g**3/3 - g**2 + 284*g. Determine a(-3).
-8
Let o = -271 - -268. Let u(r) = r**3 + 5*r**2 + 3*r - 4. What is u(o)?
5
Let j(u) = 3*u**3 - 2*u**2 + 1. Let s(n) = 6*n + 41. Let q be s(-16). Let a = -56 - q. Give j(a).
-4
Suppose 89*o + 0 - 410 = 7*o. Let s(g) = -g**3 + 5*g**2 + 7 + 0*g**2 - g**2. Determine s(o).
-18
Let g(o) = o**2 + 2*o - 3. Let d = -41 + 57. Suppose -3*w - 2*s + d = 3*s, 4*s - 8 = 0. Suppose -2*t + w*z - 11 = -1, z = 2*t + 8. Calculate g(t).
0
Let v(i) = -2*i**2 + 5*i - 6. Let f(o) = 3*o**2 - 4*o + 6. Let c(s) = 3*f(s) + 4*v(s). What is c(-8)?
-6
Let h = 173 - 174. Let d(p) = 15*p + 1. What is d(h)?
-14
Let m(x) be the second derivative of -x**3/6 + 3*x**2/2 + 7*x. Let j be m(8). Let q be (-1 - 0/3)*j. Let r(n) = n**3 - 4*n**2 - 5*n - 6. Give r(q).
-6
Let i(l) = l**2 + l + 1. Let a(d) = d**2 - d. Let p(y) = 2*a(y) + 2*i(y). Let x(n) = -n**2 - 1. Let o(v) = -p(v) - 2*x(v). Calculate o(1).
-2
Suppose 5*n + 6 = 2*n, -3*r - 3*n = -21. Let d be (9/(-45))/((r/(-15))/3). Let i(p) = -7*p**3 + p**2 + p - 1. Calculate i(d).
-6
Let y(j) = -8*j**3 + 14*j**2 - 19*j + 24. Let s(z) = -5*z**3 + 9*z**2 - 10*z + 13. Let u(l) = 5*s(l) - 3*y(l). Give u(4).
5
Let l = 11 + -7. Let q(a) = -6 + 6 + 1 + 5*a - 4. Determine q(l).
17
Let x be ((-3)/6)/(4/24). Let p = 5 - 4. Let c(r) = -r. Let n(i) = -5*i - 3. Let a(q) = p*n(q) - c(q). Give a(x).
9
Let r(l) = 3*l**2. Suppose -a - 2*a = 3. Let h(n) = n**2 + n. Let u(k) = a*r(k) + 2*h(k). Determine u(1).
1
Suppose 5*k - 1 + 11 = 0. Suppose 36 - 12 = 8*y. Let q(z) = 3*z**2 - 3*z - 1. Let w(p) = 4*p**2 - 3*p. Let d(c) = k*w(c) + y*q(c). Determine d(5).
7
Let f(s) = -4*s - 5*s + 10*s. Let q(c) = -9*c + 7*c + 3 + 6. Let b(u) = -3*f(u) - q(u). Give b(-6).
-3
Let k(i) be the third derivative of -i**5/60 + i**3/6 + 15*i**2. Let c(g) = 10*g**2 - g - 5. Let y(a) = c(a) + 4*k(a). Give y(-1).
6
Let h(j) be the second derivative of -11*j**5/20 - j**4/12 + j**3/6 + j**2/2 + 11*j. Suppose 14 = 2*t + 16. Determine h(t).
10
Let n(g) be the third derivative of 0*g + 29*g**2 + 1/3*g**3 - 1/4*g**4 + 1/60*g**5 + 0. Determine n(6).
2
Let j = 1444 + -1451. Let k(o) = o**3 + 6*o**2 - 8*o - 2. Calculate k(j).
5
Let t(n) be the first derivative of 2*n**4 + n**3 - 10*n**2 - 8*n + 5. Let p(r) = -3*r**3 - r**2 + 7*r + 3. Let b(v) = 11*p(v) + 4*t(v). Calculate b(2).
-9
Let p(b) be the second derivative of b**4/12 - b**2/2 + 2*b. Suppose 0 = 3*f + 7 - 4. Let x(t) = -2*t**2 - 7*t - 3. Let r(a) = f*x(a) - p(a). Give r(-6).
-2
Let h(v) = -v**2 - 4*v - 1. Let l be 1 - 1 - (1 - 4). Suppose l*y - 16 = -4. Suppose 0 = t + 4*g - 16, y*t = g - 14 - 7. What is h(t)?
-1
Let d(w) = w + 6. Let r be 1/(-4) + 567/28. Suppose -v - 3*v = -r. Let t(k) = -2*k - 13. Let m(h) = v*d(h) + 2*t(h). What is m(0)?
4
Suppose -10 = 6*k - k. Let q be 6/(6 + (k - 2)). Suppose 3*x - 6 - 8 = z, -18 = q*z - 3*x. Let u(s) = -2*s**3 - 2*s**2 + 2*s + 2. Give u(z).
6
Let d(a) = a**2 - a + 1. Let w(i) = -15*i**2 - 2*i + 2. Let h(t) = -2*d(t) + w(t). Let y(c) = 2*c**2 - 32*c + 1. Let f be y(16). Determine h(f).
-17
Let r(g) = 5*g - 14. Let j(s) = 23*s - 57. Let q(n) = -2*j(n) + 9*r(n). Calculate q(-8).
-4
Suppose 18*u - 32 = 14*u. Let t be u/(-20) - 33/5. Let a(c) = -c - 4. What is a(t)?
3
Let p(v) = -6*v - 1. Let k(j) = -2*j**3 - 23*j**2 + 8*j + 10. Let t be k(-12). Let w = t - 59. Determine p(w).
5
Let q(r) = r + 2. Suppose -4*m - 55 = 17. Let u be (8/(-6))/(m/27). Suppose -3*j + 27 = -3*o, 3*o - 6 = 2*o - u*j. Calculate q(o).
-2
Let h(r) = -10*r - 174. Let i be h(-17). Let l(o) = 3*o**2 + 6*o - 5. Give l(i).
19
Let t be ((-3)/2 - -1)/((-79)/790). Let f be 1 + (-2 - -2 - -5). Suppose t*q = f*q + 4. Let y(p) = p**2 + 5*p. What is y(q)?
-4
Let d(k) = -k**2 + 6*k + 3. Let a(o) = -2*o**3 - 3*o**2 + 2*o - 1. Suppose m = -2*m - 9. Let h be a(m). Suppose h - 5 = 3*c. Determine d(c).
8
Let a be (-26)/(-156) - 14/24*-10. Let g(q) = -q**2 + 6*q + 3. What is g(a)?
3
Let q(l) be the second derivative of -6*l + l**2 + 0 + 1/6*l**3. What is q(3)?
5
Let z(m) = -2*m**2 + 4. Let r(v) be the second derivative of 0*v**2 + 0 + 3*v - 1/6*v**3. Let s(d) = -5*r(d) - z(d). Calculate s(-4).
8
Let b(g) = 47*g**2 - 44*g**2 + 0*g - 5*g + 0*g. Calculate b(4).
28
Let i = -33 - -35. Suppose 4*r - 4*y + 6 + 14 = 0, 0 = -i*r + y - 7. Let c(h) = 4*h. What is c(r)?
-8
Let f(x) be the third derivative of -x**6/120 + 7*x**5/30 - 23*x**4/24 - 8*x**3/3 + 98*x**2 - 2*x. Calculate f(12).
-4
Let n be ((-34)/8)/(13/(-52)). Let t(b) = -8*b - 6. Let i(o) = 23*o + 17. Let d(a) = n*t(a) + 6*